)/3)/(48/(-36792)).
7, 73
Let z(v) = 8*v**2 + 4*v - 3. Suppose -20 = 3*p - 5*p + 4*r, 4*p - 2*r = 16. List the prime factors of z(p).
37
Let v = 96 - 92. Let a(t) = 4*t**3 - 5*t**2 + 5*t - 10. List the prime factors of a(v).
2, 3, 31
Let d be (-2448)/(-84) + 1/(-7). Let t = d - 8. What are the prime factors of t?
3, 7
List the prime factors of 3 + 1/((-8)/(-4136)).
2, 5, 13
Let c(w) = 2*w**2 - 10*w + 6. Let y be (6/8)/(36/240). What are the prime factors of c(y)?
2, 3
Let s be (-2)/(-8) - 275/(-4). Let n(g) = -g**3 + 3*g**2 + 2*g + 3. Let m be n(5). Let k = s + m. What are the prime factors of k?
2
Let a = 80 - 15. Let j = -10 + a. What are the prime factors of j?
5, 11
Let a = 2518 - 440. List the prime factors of a.
2, 1039
Let u = 395 + -170. Suppose 0 = -7*p + u + 867. List the prime factors of p.
2, 3, 13
Suppose 21*w - 3444 - 4095 = 0. List the prime factors of w.
359
Let c(j) be the second derivative of -j**5/20 + 2*j**4/3 + 5*j**3/6 + 5*j**2/2 - 11*j. What are the prime factors of c(7)?
89
Let b be (-2)/6 - (-420)/(-9). Let z = 7 - 34. Let c = z - b. What are the prime factors of c?
2, 5
List the prime factors of (-7)/(161/(-10879)) - (0 - 0).
11, 43
Let j(c) = -15*c + 15. Let a(p) = -8*p**2 - p + 2. Let x be a(1). What are the prime factors of j(x)?
2, 3, 5
Let o = -7 + 9. Suppose -382 = -3*m + 4*t, m = -o*m - t + 362. What are the prime factors of m?
2, 61
Let g(o) = 37*o + 30*o + 1 - 85*o. Let n = -3 + 2. What are the prime factors of g(n)?
19
Let t(y) = -y - 13. Let b be t(-15). Suppose -b*v + 2*h + 184 = v, 0 = -v + h + 62. What are the prime factors of v/18*(-42)/(-5)?
2, 7
Suppose 0 = 2*k - 44 + 208. Let f = -21 - k. What are the prime factors of f?
61
Let s(v) = 2*v**2 + 10*v + 3. Let a(j) = j - 11. Let o be a(13). Suppose -o*m - 2*t + 9 - 29 = 0, 4*t = 5*m + 32. List the prime factors of s(m).
3, 17
Let x(g) = 10*g - 4*g**3 + 16*g + 22*g**2 + 3*g**3 - 24. What are the prime factors of x(23)?
3, 5
Suppose -15*k + 4148 = 503. List the prime factors of k.
3
Let f(z) = -5*z - 2. Let a(c) = -20*c**3. Let l be a(-1). Suppose 0*j + 5*j + l = 0. List the prime factors of f(j).
2, 3
Suppose -3*s = -5*s + 4*d + 12, 5*s - 60 = -5*d. List the prime factors of s.
2, 5
Let d(f) = 6*f + 154. Let o be d(0). Suppose -276 = -2*h - 2*s, 3*h = -4*s + 263 + o. What are the prime factors of h?
3, 5
List the prime factors of 36/234 - (-41685)/39.
1069
Let v = 608 - -1329. List the prime factors of v.
13, 149
Let b be (11 - 6/2)/(8 - 6). Suppose -345 = -2*s + 5*f, -45 + 528 = 3*s + b*f. What are the prime factors of s?
3, 5, 11
Let v be (4/6)/(3/9). Let r be (v*37)/(6/3). Let z = -11 + r. What are the prime factors of z?
2, 13
Let q(c) be the third derivative of -c**6/120 - 2*c**5/15 - 11*c**4/24 - c**3 + 21*c**2. Let s(o) = -o - 3. Let z be s(4). List the prime factors of q(z).
2, 11
Suppose 2*w = 8, -5*u + 3*u + 888 = w. List the prime factors of u.
2, 13, 17
Let r = -610 - -1054. What are the prime factors of r?
2, 3, 37
Suppose -42 = -2*a - 38. Suppose a*f + 338 = -2*q + 7*q, f = 3*q - 202. List the prime factors of q.
2, 3, 11
Suppose 8*d = 1031 + 241. List the prime factors of d.
3, 53
Suppose -2*p = -2 - 2. Suppose -p - 21 = -k. What are the prime factors of k?
23
Let z = 18 - 22. Let h be 23 - 1*z/(-2). Suppose 11 + h = m. List the prime factors of m.
2
Suppose 8*t - 10 = 3*t. Suppose -t*o + 0*o + 22 = 0. Suppose o = 3*l - 25. List the prime factors of l.
2, 3
Suppose p + 4*m = -2, 4*m = -2*p - 0*p. Suppose 2*f - o = -p*o - 166, -5*f = -4*o + 415. Let v = 146 + f. What are the prime factors of v?
3, 7
Let l(p) be the third derivative of -p**6/15 + p**5/30 + 5*p**4/24 + p**3/6 + 44*p**2. List the prime factors of l(-3).
2, 5, 11
Suppose 18*o - 16529 = -437. List the prime factors of o.
2, 3, 149
Suppose 5*g + 182 - 1117 = 0. Suppose -5*d = 57 - g. Let f = d - 17. List the prime factors of f.
3
Suppose -5*l - 144 = -2*g - 1247, 4*l - 884 = 2*g. List the prime factors of l.
3, 73
Let l(i) = 2*i - 2. Let h = 22 + -20. Let a be l(h). Suppose 6*u - 8 = a*u. List the prime factors of u.
2
Suppose -2*t + 66 = 2*h, h - 5*t = 45 + 18. Let j = h - 21. What are the prime factors of j?
17
Let h(s) be the third derivative of s**7/1008 + 11*s**6/720 + 2*s**5/15 - 3*s**2. Let m(q) be the third derivative of h(q). List the prime factors of m(7).
2, 23
Let j(p) = p**3 - p**2 - 3*p + 4. Let q be j(2). Suppose q*y - 48 = 168. What are the prime factors of y?
2, 3
Suppose 57 = -4*n - 115. Let w = 117 + n. List the prime factors of w.
2, 37
Let c = 8610 + -4268. What are the prime factors of c?
2, 13, 167
Let j(z) = z**2 - 15*z - 14. What are the prime factors of j(-6)?
2, 7
What are the prime factors of ((351/5)/3)/(2/10)?
3, 13
Let i(p) be the first derivative of -1/3*p**3 - p**2 - 2 + 27*p. List the prime factors of i(0).
3
What are the prime factors of ((-18)/21)/(-2*2/26544)?
2, 3, 79
Let y = 3193 - 1888. List the prime factors of y.
3, 5, 29
Let l(h) = -3*h - 2. Let n be l(-2). Suppose -3*y - 31 = -k + 26, n*y = -16. What are the prime factors of k?
3, 5
List the prime factors of ((-18)/36)/(6/(-39252)).
3271
Let o(j) = -j**3 - 17*j**2 + 40*j + 118. What are the prime factors of o(-20)?
2, 7, 37
Suppose -k + 0*w + 3*w = -15, -2*w - 30 = -4*k. Let a be 4 + (1 - 3) + 1. Suppose a = 3*u - k. List the prime factors of u.
3
Let j = 2787 + -1563. List the prime factors of j.
2, 3, 17
Suppose 3*x - 71400 = -32*x. List the prime factors of x.
2, 3, 5, 17
Let g = -35 - -96. Suppose -g = 2*o + 3*m - 350, -4*o + 584 = 4*m. What are the prime factors of o?
149
Let v = 19 - 14. Suppose 83 = -4*y - a, -2*y - 2*a - 31 = -v*a. What are the prime factors of (-3)/(-3) - y - -3?
2, 3
Suppose 0 = -9*m + 4*m - 4*v + 333, 0 = 3*m - v - 193. Let h = -60 + m. What are the prime factors of h?
5
Suppose -5*k + 2*k + 177 = w, -857 = -5*w - k. List the prime factors of w.
3, 19
Suppose 2*h - 4*z - 728 = 484, 5*h + 3*z - 3082 = 0. List the prime factors of h.
2, 307
Let r(d) = -4*d**2 + 16*d + 3. Let f be r(4). Suppose 0 = 4*w - 3*s - 182, -f*w - s + 149 = 3*s. What are the prime factors of w?
47
Suppose 2*x + 382 = -o + 2016, 0 = x - 3*o - 803. List the prime factors of x.
5, 163
Let z(s) be the second derivative of -s**5/20 - s**4/4 + s**3/3 + 3*s**2 - 6*s. List the prime factors of z(-6).
2, 3, 17
Suppose 0 = 2*j + 3*j + 5. Suppose -7 = 12*r - 5*r. What are the prime factors of r + 0 + j - -42?
2, 5
Let l(n) be the first derivative of -11/2*n**2 - 6 - 1/3*n**3 + 2*n. List the prime factors of l(-6).
2
Let g = -40 + 24. List the prime factors of (24/15)/(g/(-920)).
2, 23
Let x(y) = -51*y**3 - 3*y - 1. What are the prime factors of x(-2)?
7, 59
Let p be (-4)/14 + 1020/140. List the prime factors of p/28 - 271/(-4).
2, 17
Suppose -4*n - 7 - 1 = 0. Let s(d) = 2*d**3 + 2*d**2. Let l be s(n). Let k = l - -18. What are the prime factors of k?
2, 5
Let u(d) = 7*d**2 - 6*d + 1. Let r = -43 - -37. List the prime factors of u(r).
17
Let a = -1112 + 1626. List the prime factors of a.
2, 257
Let x(s) = -s**3 - s**2 + 35. Let q be x(0). Suppose -q = 7*r - 6*r. Let i = 49 + r. What are the prime factors of i?
2, 7
Let x = 5923 + -3284. List the prime factors of x.
7, 13, 29
Suppose 3*k + 2*k - 83 = -3*w, -2*w = -3*k + 65. Let i(n) = 9*n - 75. What are the prime factors of i(k)?
2, 3
Suppose 519*b - 514*b - 2595 = 0. What are the prime factors of b?
3, 173
Suppose -c + 5*l + 20 = 0, 3*c - 8 = -3*l + 5*l. Suppose -46*i + 44*i + 70 = c. List the prime factors of i.
5, 7
Suppose 231*x - 11943 = 222*x. What are the prime factors of x?
1327
Suppose -3*p = -2*a - 20, -6*a = -5*a - p + 8. Let u be (-1)/(-2*a/8664). List the prime factors of 2/(-10) + u/(-15).
2, 3
Let b(v) = v - 16. Let u be b(12). What are the prime factors of u/(-10) + 7182/70?
103
Let g be (17/4)/(5/180). Suppose 5*y - 147 = g. Suppose 4*u - 3*a = y, 2*u = 4*a - a + 36. List the prime factors of u.
2, 3
Let q(g) = 41*g**2 - 43*g - 11. List the prime factors of q(-5).
1229
Let l(k) = k**3 - 4*k**2 + k + 1. Let s be l(4). Suppose 27*i - 1012 = 608. Suppose r = s*r - i. List the prime factors of r.
3, 5
Let d = 466 + 155. What are the prime factors of d?
3, 23
List the prime factors of (2085/6)/((-8)/(-16)).
5, 139
Suppose -1488 - 162